2?
4
What is the tens digit of 7097?
9
What is the tens digit of 9042?
4
What is the thousands digit of 15240?
5
What is the thousands digit of 91007?
1
What is the hundreds digit of 1093?
0
What is the thousands digit of 19318?
9
What is the ten thousands digit of 30554?
3
What is the thousands digit of 42924?
2
What is the hundreds digit of 6270?
2
What is the thousands digit of 3094?
3
What is the thousands digit of 95416?
5
What is the thousands digit of 1265?
1
What is the units digit of 2602?
2
What is the thousands digit of 1289?
1
What is the hundreds digit of 2487?
4
What is the thousands digit of 2498?
2
What is the hundreds digit of 6139?
1
What is the thousands digit of 1393?
1
What is the units digit of 991?
1
What is the units digit of 816?
6
What is the ten thousands digit of 55058?
5
What is the hundreds digit of 728?
7
What is the ten thousands digit of 10073?
1
What is the hundreds digit of 7593?
5
What is the ten thousands digit of 13939?
1
What is the tens digit of 1582?
8
What is the tens digit of 6916?
1
What is the hundreds digit of 548?
5
What is the thousands digit of 5322?
5
What is the tens digit of 2165?
6
What is the thousands digit of 6797?
6
What is the hundreds digit of 475?
4
What is the hundreds digit of 22233?
2
What is the tens digit of 11?
1
What is the hundreds digit of 11621?
6
What is the thousands digit of 25829?
5
What is the thousands digit of 10841?
0
What is the hundreds digit of 87835?
8
What is the units digit of 3498?
8
What is the tens digit of 708?
0
What is the units digit of 13840?
0
What is the tens digit of 4911?
1
What is the tens digit of 8868?
6
What is the units digit of 96989?
9
What is the tens digit of 31?
3
What is the hundreds digit of 59092?
0
What is the units digit of 1209?
9
What is the thousands digit of 10368?
0
What is the units digit of 9324?
4
What is the tens digit of 862?
6
What is the units digit of 19744?
4
What is the tens digit of 1116?
1
What is the units digit of 13595?
5
What is the hundreds digit of 106?
1
What is the thousands digit of 57402?
7
What is the thousands digit of 1116?
1
What is the tens digit of 317?
1
What is the thousands digit of 8883?
8
What is the hundreds digit of 2162?
1
What is the thousands digit of 1487?
1
What is the units digit of 7204?
4
What is the thousands digit of 3753?
3
What is the tens digit of 416?
1
What is the tens digit of 21615?
1
What is the units digit of 986?
6
What is the units digit of 1878?
8
What is the units digit of 4947?
7
What is the units digit of 118267?
7
What is the thousands digit of 8524?
8
What is the tens digit of 14013?
1
What is the hundreds digit of 906?
9
What is the units digit of 2298?
8
What is the tens digit of 35?
3
What is the hundreds digit of 13562?
5
What is the units digit of 601?
1
What is the hundreds digit of 448?
4
What is the thousands digit of 2415?
2
What is the ten thousands digit of 38403?
3
What is the tens digit of 26125?
2
What is the thousands digit of 1145?
1
What is the units digit of 53475?
5
What is the hundreds digit of 204?
2
What is the tens digit of 989?
8
What is the hundreds digit of 2064?
0
What is the ten thousands digit of 17545?
1
What is the thousands digit of 23525?
3
What is the tens digit of 16056?
5
What is the thousands digit of 16708?
6
What is the tens digit of 2649?
4
What is the units digit of 52242?
2
What is the ten thousands digit of 25429?
2
What is the hundreds digit of 47790?
7
What is the units digit of 81186?
6
What is the units digit of 78436?
6
What is the units digit of 7160?
0
What is the tens digit of 24810?
1
What is the ten thousands digit of 31657?
3
What is the tens digit of 2914?
1
What is the ten thousands digit of 32218?
3
What is the tens digit of 56106?
0
What is the thousands digit of 6035?
6
What is the hundreds digit of 856?
8
What is the hundreds digit of 5430?
4
What is the hundreds digit of 67540?
5
What is the hundreds digit of 11335?
3
What is the hundreds digit of 1189?
1
What is the units digit of 567?
7
What is the units digit of 675?
5
What is the thousands digit of 102444?
2
What is the hundreds digit of 17598?
5
What is the hundreds digit of 2521?
5
What is the thousands digit of 8559?
8
What is the tens digit of 23229?
2
What is the units digit of 9381?
1
What is the thousands digit of 5463?
5
What is the tens digit of 61849?
4
What is the tens digit of 1264?
6
What is the hundreds digit of 11189?
1
What is the thousands digit of 4817?
4
What is the hundreds digit of 2639?
6
What is the hundreds digit of 14602?
6
What is the hundreds digit of 5221?
2
What is the units digit of 9453?
3
What is the units digit of 111526?
6
What is the units digit of 1573?
3
What is the thousands digit of 111773?
1
What is the tens digit of 2172?
7
What is the tens digit of 138663?
6
What is the units digit of 1285?
5
What is the units digit of 11705?
5
What is the tens digit of 41992?
9
What is the tens digit of 1761?
6
What is the hundreds digit of 901?
9
What is the units digit of 2773?
3
What is the thousands digit of 154254?
4
What is the hundred thousands digit of 105059?
1
What is the ten thousands digit of 14721?
1
What is the tens digit of 4093?
9
What is the units digit of 20263?
3
What is the units digit of 469?
9
What is the tens digit of 3342?
4
What is the ten thousands digit of 89666?
8
What is the tens digit of 101832?
3
What is the tens digit of 858?
5
What is the tens digit of 1399?
9
What is the ten thousands digit of 16177?
1
What is the thousands digit of 1726?
1
What is the units digit of 1839?
9
What is the units digit of 93377?
7
What is the hundreds digit of 10691?
6
What is the hundreds digit of 3369?
3
What is the hundreds digit of 37015?
0
What is the thousands digit of 2337?
2
What is the thousands digit of 3257?
3
What is the hundreds digit of 1831?
8
What is the tens digit of 100503?
0
What is the units digit of 935?
5
What is the ten thousands digit of 12791?
1
What is the units digit of 323?
3
What is the units digit of 8080?
0
What is the tens digit of 30704?
0
What is the units digit of 2944?
4
What is the units digit of 1941?
1
What is the tens digit of 52036?
3
What is the tens digit of 927?
2
What is the thousands digit of 16086?
6
What is the thousands digit of 5919?
5
What is the tens digit of 39442?
4
What is the hundreds digit of 6087?
0
What is the thousands digit of 19794?
9
What is the units digit of 114049?
9
What is the thousands digit of 78005?
8
What is the thousands digit of 4673?
4
What is the tens digit of 9293?
9
What is the tens digit of 1194?
9
What is the units digit of 761?
1
What is the units digit of 2701?
1
What is the hundreds digit of 6689?
6
What is the hundreds digit of 6950?
9
What is the tens digit of 6972?
7
What is the ten thousands digit of 10445?
1
What is the thousands digit of 5744?
5
What is the hundreds digit of 3171?
1
What is the thousands digit of 8243?
8
What is the hundreds digit of 15991?
9
What is the tens digit of 240?
4
What is the tens digit of 17834?
3
What is the tens digit of 47528?
2
What is the tens digit of 765?
6
What is the units digit of 3739?
9
What is the units digit of 692?
2
What is the units digit of 684?
4
What is the ten thousands digit of 17234?
1
What is the tens digit of 983?
8
What is the tens digit of 2395?
9
What is the hundreds digit of 40535?
5
What is the hundreds digit of 196?
1
What is the tens digit of 429?
2
What is the units digit of 11551?
1
What is the hundreds digit of 121?
1
What is the units digit of 21454?
4
What is the units digit of 27190?
0
What is the hundreds digit of 16644?
6
What is the thousands digit of 45481?
5
What is the units digit of 984?
4
What is the units digit of 5337?
7
What is the ten thousands digit of 21951?
2
What is the ten thousands digit of 74630?
7
What is the hundreds digit of 629?
6
What is the thousands digit of 3769?
3
What is the hundreds digit of 54972?
9
What is the ten thousands digit of 17276?
1
What is the units digit of 23593?
3
What is the hundreds digit of 7048?
0
What is the tens digit of 2770?
7
What is the tens digit of 2145?
4
What is the thousands digit of 1405?
1
What is the hundreds digit of 1786?
7
What is the thousands digit of 4034?
4
What is the units digit of 73940?